 -27)?
-9
Calculate 708 - 716 - (-10 + -1).
3
What is the value of -4 + 14 + -28 + 1 + -3?
-20
Calculate 49 - 54 - (62 - 35).
-32
Calculate (19 + -20 - (-4 - 0)) + -1 + -7.
-5
Evaluate (1 - 6) + (22 - 10) + -3.
4
Calculate -11 - (-3 + 7 - 16) - 17.
-16
Calculate 64 - 77 - (0 + -9).
-4
Evaluate (2 - 8 - 1) + (-2 - (-2 - 5)).
-2
What is the value of 10 + 25 + (-51 - -42)?
26
Evaluate (12 - (-5 - -5)) + -12 + 20.
20
Calculate -7 + (-2 - -2) + -8 - (-9 + 2).
-8
-11 - (-3 + (-8 + 13 - 6))
-7
What is the value of (-18 - -5) + (18 - -5) - 0?
10
What is -9 + 12 + -13 - 17?
-27
What is the value of -14 - -5 - (-17 - -1) - 5?
2
Calculate -8 + (6 - (7 + (-10 - (-11 + 5)))).
-5
What is the value of 6 - 10 - (96 - 97 - (1 + 10))?
8
What is the value of 13 + 4 + (-11 - (17 - -3))?
-14
Calculate -2 + 8 - (-5 + (-4 - -8) + 5).
2
19 + (-21 - 6) + 22 + 3 + 9
26
What is -4 + -19 + (48 - 14)?
11
Evaluate 379 + -396 + 0 + 1 + 1.
-15
What is the value of (-1 - -5) + (21 - 23) + (-3 - -4)?
3
Calculate (-73 - -38) + -2 - -27.
-10
What is the value of 24 + -32 + -20 + 37?
9
Evaluate 2 - (-11 + (12 - 8)) - (-1 + 6).
4
Calculate (3 - (1 - -5)) + (-3 - -9) + 3.
6
(-9 + 0 + -14 - -6) + 1
-16
Evaluate -10 + (4 - -1) + 18 + -28.
-15
What is -22 + (50 - (48 - 27))?
7
(-7 - -2 - (-2 + 0 + 8)) + 34
23
((1 - 20) + 6 + 6 - -6) + 19
18
Evaluate (0 - (2 + -9)) + -4 + (0 - 1).
2
-11 + (-14 - (-29 + 0))
4
Calculate 11 - (32 - 28) - -8.
15
Evaluate ((2 - -3) + 14 - 9) + (3 - 8).
5
What is the value of (-9 + 19 - 2) + -14?
-6
Evaluate (3 - (2 + -1)) + -1 + (-7 - 1).
-7
Evaluate (-2 - (-2 - -9 - 15)) + -8.
-2
What is (-5 - 6) + (-31 - -24)?
-18
What is 5 + -8 - (2 - (-13 + 2))?
-16
Calculate (3 - 0 - ((-6 - -12) + -10)) + -15.
-8
Evaluate 0 - (7 + 6 + 6 + -3) - 2.
-18
Evaluate -2 - 1 - (68 - (82 - 36)).
-25
What is (49 - 58) + (-1 - (-1 - 15)) + 4?
10
Evaluate (-39 - 1 - -71) + -36.
-5
-2 + (-16 + 13 - ((-1 - 2) + 1))
-3
Evaluate -5 + -2 - (-16 + 6).
3
Calculate -40 + 36 - (-4 - (-3 - 6)).
-9
What is -9 - 35 - -34 - -4?
-6
What is -4 - (1 + 5 - -9)?
-19
(12 - (-26 + 11) - 22) + (-1 - -1)
5
Evaluate (-12 - (-25 + -5) - -4) + 1 + -1.
22
-3 + (1111 - 1104 - (1 - (-1 - 0)))
2
Calculate 29 + -78 + 32 - (-5 - -1 - -1).
-14
What is the value of (16 - 18) + 11 + -16?
-7
What is 52 + -109 + (46 - 6)?
-17
What is the value of (1 - 11) + 75 + -66 + 2 + 2?
3
What is the value of (0 - (1 + -20)) + (15 - 6 - 17)?
11
Calculate (5 - (-39 - -34)) + -25.
-15
Calculate 12 + -2 + -7 - -3.
6
(2 - 2) + 4 + (5 - (14 - 9))
4
(9 - (28 + (-7 - (14 + -10)))) + 20
12
What is the value of 10 - (5 + -2) - (3 - -6 - 11)?
9
(3 + -27 - (6 + -24 + 18)) + -4
-28
Evaluate 17 - (4 + -15 + 0 - -55).
-27
What is the value of (-29 + -8 - 27) + 23?
-41
(21 - ((37 - 14) + -11)) + (-13 - 1)
-5
What is 10 + -37 + (-4 - -16)?
-15
What is 7 + 4 + -19 + 12?
4
Calculate (-6 + 31 - 15) + -8.
2
-12 + 9 - 14 - -15
-2
What is the value of -25 + 33 + (-22 - -14)?
0
-35 - (-39 + 5 + 6)
-7
What is -11 + 4 + (6 + 4 - 5) + -10?
-12
Evaluate 3 + -4 + 4 - (195 - 192).
0
Calculate 1 + (-24 - 0) + 12 + -1.
-12
What is the value of (1 - -6 - 3 - -3) + -1?
6
-1 + 7 + (36 - (-20 - -43))
19
What is the value of (2 - (7 - -2)) + (150 - 93 - 65)?
-15
-18 + (21 + -9 - 10)
-16
Calculate 406 + -422 - (1 + -19).
2
Evaluate 7 - 0 - (-7 + -12 - (35 + -69)).
-8
Evaluate -3 - (9 - 11) - -1 - -7.
7
Evaluate -38 - -55 - (2 - (2 + 1)).
18
What is 34 + -30 + 3 + -31 + -5?
-29
What is the value of 15 + -19 - (-7 - -9) - (-1 + -13)?
8
What is -24 - (-21 + 12 + -3)?
-12
Evaluate 11 + 20 + 27 + -42.
16
Calculate (0 - (7 - 14)) + -3 + 4.
8
Evaluate 12 + -32 + 37 + -30.
-13
Calculate 10 + 2 + -12 + (-3 - (1 + -2)).
-2
10 + (8 - (-7 + -3) - 10)
18
What is -6 - (-23 - (-31 - -38))?
24
Calculate -29 + 22 - (-1 - 1 - 1) - 2.
-6
Calculate 222 + -192 - (1 + -4 + 5).
28
Evaluate (8 - ((-7 - 1) + 19)) + -7.
-10
What is the value of (-41 - -9 - -14) + 1 + -2?
-19
What is -7 + (4 - -5 - 4)?
-2
What is the value of 27 + -40 - (-24 + 3)?
8
Calculate -5 + (-2 - -2) + -10 + (5 - -9).
-1
What is the value of (-5 - (-11 - -6)) + -3 - (5 + 3)?
-11
2 + 0 - (-5 + 4) - (-275 - -286)
-8
Evaluate (-25 - -16) + (-3 - -7) + 1 + -2.
-6
Evaluate 0 - ((9 - 8) + -4 + -1).
4
What is (-475 - -479) + 0 + (0 - -4)?
8
-12 + 19 - 11 - (-10 + 0)
6
What is the value of -8 + -1 + (-2 - -1) + -57 + 56?
-11
(-10 - ((34 - 17) + -37)) + -9 + 1
2
7 - 10 - (19 + -10 + 1)
-13
Calculate -13 + (16 + -12 - -4).
-5
Evaluate 8 + (-23 - ((3 - -7) + -18)).
-7
Calculate -9 + (8 - -19) + -20.
-2
2 + (-7 - (6 + -25))
14
What is 2 - 7 - (-63 - -70)?
-12
Calculate (-1 + 1 - 4 - (334 - 329)) + -6.
-15
(-27 + 18 - -5) + 6
2
What is the value of (5 + -3 - -10) + -8 - 1?
3
What is -3 + (0 - 14) + (-6 - (-7 - 0))?
-16
-29 + -7 + -19 + 41
-14
What is 0 - (-1 + -8) - 4 - 10 - 10?
-15
Evaluate -11 + 10 + -4 - 3 - 6.
-14
Calculate 12 + 0 + (1 - (-3 - -2 - -3)).
11
(3 - ((10 - -7) + -7)) + 20 + -2
11
What is the value of 30 - (29 + (13 - 25))?
13
-23 + 37 + -3 + -31
-20
What is 13 - 1 - (6 - -2) - (-5 + -1)?
10
What is (173 - 173) + (0 - (-1 + -1 - 0))?
2
What is the value of -2 + 11 + -13 + -2 + -11 + 8?
-9
What is -13 - (3 + (-4 - 2) + -8)?
-2
What is 0 + 5 - (-6 - (-1 + -8 + 3))?
5
Evaluate -2 + 10 + -3 + 3 - (5 + -3).
6
Calculate (5 - -2) + -5 - (-4 - -3 - -13).
-10
What is the value of (-57 - -25) + (18 - -3)?
-11
What is -2 + -18 + -3 + 7 + 11 + -9?
-14
Calculate 1 + -3 - (-6 - (4 + -6 - -2)).
4
12 + (-13 - 2) - (2 + 29)
-34
-17 + -26 + (-8 - (7 + -23))
-35
What is 0 + (-2 - 3) + -28 + 5 + 14?
-14
32 - (70 - 33) - 8
-13
What is 4 + -13 + 8 + 19 + -11 + -24?
-17
What is the value of 49 + -57 + (3 - 1) - -5 - -21?
20
Evaluate ((-3 - 6) + 7 - -9) + -2.
5
3 + 2 + (-3 - (6 - 1)) + 0
-3
Calculate 23 - (10 - (4 + 2 + -4)).
15
Calculate (15 - (6 - 3) - -4) + -7.
9
Evaluate (5 - (19 - (15 + -12))) + 38.
27
Calculate 9 - (6 - (13 - 2) - -10).
4
19 + (-19 - -25) + -9 + -2
14
25 + -14 - 15 - 3
-7
2 + 8 - (-11 - 6 - 7 - -15)
19
(13 - 29 - -15) + (1 - 5) + -5
-10
What is the value of (-5 + 33 - 14) + -18 + 12?
8
Evaluate 3 + -14 + 19 + 5.
13
What is (-16 - -5) + 4 - -6 - -1?
0
What is the value of 0 - (-1 + -23) - (-302 - -310)?
16
Evaluate -1 + -5 - (-39 - (29 + -10 - 32)).
20
Calculate 30 + (-8 - 29) + 13.
6
What is (12 - (-2 + 8)) + -14?
-8
What is the value of 0 - ((-3 - 0) + -1 + 1 + 5)?
-2
-7 - (-52 - -59 - (-2 - 1))
-17
What is the value of (-17 - -3 - (-4 - -1)) + (-41 - -80)?
28
Evaluate 1 + -1 - (-2 - -2).
0
Evaluate 8 - (19 + (6 - 3 - 10)).
-4
What is 3 - 3 - (-2 - -4)?
-2
Evaluate (-12 - 1 - -16) + (1 + 0 - 0).
4
Calculate (71 - 69) + 0 + 3 - 9.
-4
Calculate (2 - 35) + (-1 + 9 - (23 - 24)).
-24
Evaluate -9 + -13 + 25 - (-7 - (-2 + 4)).
12
What is the value of 8 - (-34 + 74 + -39)?
7
-5 - (10 - (9 - (7 - 6)))
-7
-5 + 5 + 16 + -5
11
What is the value of (-12 - -1 - -5) + (10 - 2)?
2
Calculate 6 - 24 - -26 - -22.
30
What is the value of 31 + (9 - 8 - 55)?
-23
What is the value of -3 - (-10 - (-36 + 19))?
-10
Evaluate 3 + 0 + 30 + -21 + (-14 - -3).
1
Calculate (-245 - -250) + (2 + -2 - -8).
13
What is 23 + -14 + 23 + -41?
-9
What is the value of -5 + -4 + -10 + 11?
-8
What is (-20 - (-15 + 0)) + -5 + (-19 - 0)?
-29
-11 + 4 + (12 - -17)
22
Calculate -23 + -10 + 14 + 34.
15
Calculate -6 + 29 + -11 - 2.
10
What is -9 + 1 + (-41 - -43) - 1?
-7
What is 10 + (-6 - 1) + -5?
-2
What is 1 + 14 + (-127 - (42 + -117))?
-37
What is (3 - 4 - (-7 - 3)) + 86 + -70?
25
2 + (3 - 4) - (7 + -2)
-4
Evaluate -28 + -3 + -27 + 77.
19
What is -30 + -11 + -5 + 22?
-24
13 + -10 + (1 - 11) + 17
10
What is the value of 3 - -18 - (135 + -124)?
10
Calculate -54 + 116 + (2 - 19) - 18.
27
What is 7 - 10 - (-19 + -4 + 6)?
14
Evaluate (7 - 23) + 6 + 13.
3
Calculate -9 + 1 + 40 + -11 + -10.
11
Evaluate -12 - 2 - (-25 - -4).
7
What is the value of -5 + -1 - ((-5 - (-20 + -3)) + -13)?
-11
What is the value of 0 + (-23 - -14) + (3 - 4) + 24?
14
Calculate 0 - (-1 - (-10 + (5 - 0) + 1)).
-3
Evaluate 1353 - 1360 - (0 + -27).
20
What is the value of (-35 + 0 - 0) + 5 + 22 + -17?
-25
What is 147 + -126 - (-3 + 4)?
20
Evaluate -23 + (-20 - (-54 + -1)).
12
What is -1 - (1 - (-10 + 7))?
-5
What is 17 + -21 - (7 + -2) - -6?
-3
(1 - 45) + 5 + 3 + -5 + 12
-29
Calculate 48 - 50